{"id":80,"date":"2019-11-11T12:07:43","date_gmt":"2019-11-11T12:07:43","guid":{"rendered":"https:\/\/amnesiedautore.uniurb.it\/?page_id=80"},"modified":"2021-09-13T14:59:34","modified_gmt":"2021-09-13T14:59:34","slug":"chi-siamo","status":"publish","type":"page","link":"https:\/\/amnesiedautore.uniurb.it\/?page_id=80","title":{"rendered":"Chi Siamo"},"content":{"rendered":"\n<pre class=\"wp-block-preformatted\"><\/pre>\n\n\n\n<div class=\"wp-block-media-text alignwide is-stacked-on-mobile\" style=\"grid-template-columns:24% auto\"><figure class=\"wp-block-media-text__media\"><img loading=\"lazy\" decoding=\"async\" width=\"1000\" height=\"711\" src=\"https:\/\/amnesiedautore.uniurb.it\/wp-content\/uploads\/2019\/11\/roberto-danese.jpg\" alt=\"\" class=\"wp-image-91 size-full\" srcset=\"https:\/\/amnesiedautore.uniurb.it\/wp-content\/uploads\/2019\/11\/roberto-danese.jpg 1000w, https:\/\/amnesiedautore.uniurb.it\/wp-content\/uploads\/2019\/11\/roberto-danese-300x213.jpg 300w, https:\/\/amnesiedautore.uniurb.it\/wp-content\/uploads\/2019\/11\/roberto-danese-768x546.jpg 768w\" sizes=\"(max-width: 1000px) 100vw, 1000px\" \/><\/figure><div class=\"wp-block-media-text__content\">\n<p class=\"has-small-font-size\"><strong>Roberto Mario Danese <\/strong>\u00e8 professore di <em>Filologia classica<\/em>, <em>Fortuna della cultura classica<\/em>, <em>Letteratura e cinema<\/em> nell&#8217;Universit\u00e0 di Urbino Carlo Bo, dove dirige il <em>Centro Internazionale di Studi Plautini<\/em>. Fra i suoi interessi scientifici sono comprese la filmologia, la ricezione dell&#8217;antico nella cultura moderna e contemporanea, l&#8217;antropologia del mondo antico, la traduzione per la scena, l&#8217;ecdotica dei testi teatrali antichi, la metrica latina arcaica. \u00c8 docente nel Dottorato in <em>Scienze dell&#8217;antichit\u00e0 e archeologia<\/em> dell&#8217;Universit\u00e0 di Pisa. <\/p>\n<\/div><\/div>\n\n\n\n<pre class=\"wp-block-preformatted\"><\/pre>\n\n\n\n<div class=\"wp-block-media-text alignwide is-stacked-on-mobile\" style=\"grid-template-columns:24% auto\"><figure class=\"wp-block-media-text__media\"><img loading=\"lazy\" decoding=\"async\" width=\"851\" height=\"1024\" src=\"https:\/\/amnesiedautore.uniurb.it\/wp-content\/uploads\/2019\/11\/IMG-20191119-WA0000-851x1024.jpg\" alt=\"\" class=\"wp-image-140 size-full\" srcset=\"https:\/\/amnesiedautore.uniurb.it\/wp-content\/uploads\/2019\/11\/IMG-20191119-WA0000-851x1024.jpg 851w, https:\/\/amnesiedautore.uniurb.it\/wp-content\/uploads\/2019\/11\/IMG-20191119-WA0000-249x300.jpg 249w, https:\/\/amnesiedautore.uniurb.it\/wp-content\/uploads\/2019\/11\/IMG-20191119-WA0000-768x924.jpg 768w, https:\/\/amnesiedautore.uniurb.it\/wp-content\/uploads\/2019\/11\/IMG-20191119-WA0000-1277x1536.jpg 1277w, https:\/\/amnesiedautore.uniurb.it\/wp-content\/uploads\/2019\/11\/IMG-20191119-WA0000-1140x1371.jpg 1140w, https:\/\/amnesiedautore.uniurb.it\/wp-content\/uploads\/2019\/11\/IMG-20191119-WA0000.jpg 1330w\" sizes=\"(max-width: 851px) 100vw, 851px\" \/><\/figure><div class=\"wp-block-media-text__content\">\n<p class=\"has-small-font-size\"><strong>Margherita Amatulli &nbsp;<\/strong>insegna Cultura Francese all\u2019Universit\u00e0 degli Studi di Urbino.&nbsp;Dopo l&#8217;interesse per gli scrittori della&nbsp;<em>shoah<\/em>, confluito in una monografia dedicata a&nbsp;Jean Cayrol, Albert Cohen e Georges Perec,&nbsp;la sua ricerca si \u00e8 prevalentemente concentrata&nbsp;sul romanzo francese contemporaneo e, in particolare, sul rapporto tra la letteratura e le altri arti. Ha pubblicato saggi su Henry Bauchau, Nathalie L\u00e9ger, Fran\u00e7ois Emmanuel, Florence Seyvos, Alice Ferney e sulle modalit\u00e0 possibili di transazione tra l&#8217;opera letteraria e quella cinematografica, come &nbsp;nella monografia dedicata alla presenza della letteratura nella produzione&nbsp;filmica di Fran\u00e7ois Truffaut (M. Amatulli, A. Bucarelli,&nbsp;<em>Truffaut uomo di lettere<\/em><strong>,&nbsp;<\/strong>Urbino QuattroVenti, 2004). Ha inoltre indagato il rapporto tra la scrittura&nbsp;dell&#8217;io&nbsp;e la fotografia negli articoli dedicati a Jean-Philippe Toussaint, Willy Ronis, Anny Duperey. <\/p>\n<\/div><\/div>\n\n\n\n<pre class=\"wp-block-preformatted\"><\/pre>\n\n\n\n<div class=\"wp-block-media-text alignwide is-stacked-on-mobile\" style=\"grid-template-columns:27% auto\"><figure class=\"wp-block-media-text__media\"><img loading=\"lazy\" decoding=\"async\" width=\"108\" height=\"123\" src=\"https:\/\/amnesiedautore.uniurb.it\/wp-content\/uploads\/2019\/11\/Alessandra-Calanchi-foto-UniUrb.jpg\" alt=\"\" class=\"wp-image-119 size-full\"\/><\/figure><div class=\"wp-block-media-text__content\">\n<p class=\"has-small-font-size\"><strong>Alessandra Calanchi <\/strong> \u00e8 professore associato di Letteratura e Cultura Angloamericana presso il Dipartimento di Scienze della Comunicazione, Studi Umanistici e Internazionali dell\u2019Universit\u00e0 di Urbino Carlo Bo. Si occupa prevalentemente di narrativa ebraico-americana e&nbsp;<em>crime fiction<\/em>, prediligendo un approccio interdisciplinare legato agli studi culturali. Ha scritto di narrativa ebraico-americana (<em>Oltre il Sogno. La poetica della responsabilit\u00e0 in Delmore Schwartz<\/em>, 2008),&nbsp;<em>crime fiction<\/em>&nbsp;(<em>Arcobaleno noir. Genesi, diaspora e nuove cittadinanze del noir fra cinema e letteratura,&nbsp;<\/em>2014), e nel suo ultimo libro,&nbsp; <em>Marziani a stelle e strisce. Cinquant&#8217;anni dopo i primi passi dell&#8217;uomo sulla Luna<\/em> (Aras 2019), riflette sulle implicazioni neocolonialiste della cosiddetta \u201cTerraformazione\u201d. <\/p>\n<\/div><\/div>\n\n\n\n<pre class=\"wp-block-preformatted\"><\/pre>\n\n\n\n<div class=\"wp-block-media-text alignwide is-stacked-on-mobile\" style=\"grid-template-columns:28% auto\"><figure class=\"wp-block-media-text__media\"><img loading=\"lazy\" decoding=\"async\" width=\"1024\" height=\"576\" src=\"https:\/\/amnesiedautore.uniurb.it\/wp-content\/uploads\/2019\/11\/20191120_112359-1024x576.jpg\" alt=\"\" class=\"wp-image-127 size-full\" srcset=\"https:\/\/amnesiedautore.uniurb.it\/wp-content\/uploads\/2019\/11\/20191120_112359-1024x576.jpg 1024w, https:\/\/amnesiedautore.uniurb.it\/wp-content\/uploads\/2019\/11\/20191120_112359-300x169.jpg 300w, https:\/\/amnesiedautore.uniurb.it\/wp-content\/uploads\/2019\/11\/20191120_112359-768x432.jpg 768w, https:\/\/amnesiedautore.uniurb.it\/wp-content\/uploads\/2019\/11\/20191120_112359-1536x864.jpg 1536w, https:\/\/amnesiedautore.uniurb.it\/wp-content\/uploads\/2019\/11\/20191120_112359-1140x641.jpg 1140w, https:\/\/amnesiedautore.uniurb.it\/wp-content\/uploads\/2019\/11\/20191120_112359.jpg 1920w\" sizes=\"(max-width: 1024px) 100vw, 1024px\" \/><\/figure><div class=\"wp-block-media-text__content\">\n<p class=\"has-small-font-size\"><strong>Gloria Cocchi <\/strong>\u00e8 docente di Linguistica Generale all&#8217;Universit\u00e0 di Urbino. I suoi campi di ricerca comprendono la sintassi formale e l&#8217;acquisizione del linguaggio. \u00c8 autrice o co-autrice di quattro monografie e di numerosi articoli su vari argomenti, fra i quali le lingue bantu, l&#8217;italiano e i suoi dialetti, la lingua inglese, l&#8217;acquisizione dell&#8217;italiano come seconda lingua. In anni recenti si \u00e8 dedicata all\u2019analisi formale di alcuni aspetti sintattici riguardanti le produzioni miste (code-switching) in parlanti bilingui.<\/p>\n<\/div><\/div>\n\n\n\n<pre class=\"wp-block-preformatted\"><\/pre>\n\n\n\n<div class=\"wp-block-media-text alignwide is-stacked-on-mobile\" style=\"grid-template-columns:28% auto\"><figure class=\"wp-block-media-text__media\"><img loading=\"lazy\" decoding=\"async\" width=\"121\" height=\"130\" src=\"https:\/\/amnesiedautore.uniurb.it\/wp-content\/uploads\/2019\/11\/donatiR.jpg\" alt=\"\" class=\"wp-image-169 size-full\"\/><\/figure><div class=\"wp-block-media-text__content\">\n<p class=\"has-small-font-size\"><strong>Riccardo Donati <\/strong>\u00e8  docente e saggista, insegna all&#8217;Universit\u00e0 di Urbino &#8220;Carlo Bo&#8221; Letteratura italiana moderna e contemporanea; si occupa di letteratura europea tra Sette e Novecento con particolare attenzione ai rapporti tra poesia, narrativa e arti della visione. <\/p>\n<\/div><\/div>\n\n\n\n<pre class=\"wp-block-preformatted\"><\/pre>\n\n\n\n<div class=\"wp-block-media-text alignwide is-stacked-on-mobile\" style=\"grid-template-columns:27% auto\"><figure class=\"wp-block-media-text__media\"><img loading=\"lazy\" decoding=\"async\" width=\"226\" height=\"169\" src=\"https:\/\/amnesiedautore.uniurb.it\/wp-content\/uploads\/2019\/11\/images_vuoto.jpg\" alt=\"\" class=\"wp-image-155 size-full\"\/><\/figure><div class=\"wp-block-media-text__content\">\n<p class=\"has-small-font-size\"><strong>Claus Ehrhardt<\/strong><\/p>\n<\/div><\/div>\n\n\n\n<pre class=\"wp-block-preformatted\"><\/pre>\n\n\n\n<div class=\"wp-block-media-text alignwide is-stacked-on-mobile\" style=\"grid-template-columns:27% auto\"><figure class=\"wp-block-media-text__media\"><img loading=\"lazy\" decoding=\"async\" width=\"226\" height=\"169\" src=\"https:\/\/amnesiedautore.uniurb.it\/wp-content\/uploads\/2019\/11\/images_vuoto.jpg\" alt=\"\" class=\"wp-image-155 size-full\"\/><\/figure><div class=\"wp-block-media-text__content\">\n<p class=\"has-small-font-size\"><strong>Giuseppe Ghini<\/strong><\/p>\n<\/div><\/div>\n\n\n\n<pre class=\"wp-block-preformatted\"><\/pre>\n\n\n\n<div class=\"wp-block-media-text alignwide is-stacked-on-mobile\" style=\"grid-template-columns:28% auto\"><figure class=\"wp-block-media-text__media\"><img loading=\"lazy\" decoding=\"async\" width=\"40\" height=\"40\" src=\"https:\/\/amnesiedautore.uniurb.it\/wp-content\/uploads\/2019\/11\/morini.jpg\" alt=\"\" class=\"wp-image-143 size-full\"\/><\/figure><div class=\"wp-block-media-text__content\">\n<p class=\"has-small-font-size\"><strong>Massimiliano Morini <\/strong> \u00e8 Professore Associato di Lingua inglese e traduzione all\u2019Universit\u00e0 degli Studi di Urbino \u201cCarlo Bo\u201d. Si occupa di storia, teoria e pratica della traduzione (Tudor Translation in Theory and Practice, Ashgate 2006;The Pragmatic Translator, Bloomsbury, 2013; Tradurre l\u2019inglese, Il Mulino, 2016), e di stilistica testuale e multimodale (Jane Austen\u2019s Narrative Techniques, Ashgate 2009; A Day in the News, Lang 2018). Come traduttore e curatore, ha lavorato su William Shakespeare, Liz Lochhead, R.S. Thomas, Les Murray, Lewis Grassic Gibbon, William Boyd e Claire Keegan.<\/p>\n<\/div><\/div>\n\n\n\n<pre class=\"wp-block-preformatted\"><\/pre>\n\n\n\n<div class=\"wp-block-media-text alignwide is-stacked-on-mobile\" style=\"grid-template-columns:28% auto\"><figure class=\"wp-block-media-text__media\"><img loading=\"lazy\" decoding=\"async\" width=\"1024\" height=\"768\" src=\"https:\/\/amnesiedautore.uniurb.it\/wp-content\/uploads\/2020\/01\/selfie-1024x768.jpg\" alt=\"\" class=\"wp-image-209 size-full\" srcset=\"https:\/\/amnesiedautore.uniurb.it\/wp-content\/uploads\/2020\/01\/selfie-1024x768.jpg 1024w, https:\/\/amnesiedautore.uniurb.it\/wp-content\/uploads\/2020\/01\/selfie-300x225.jpg 300w, https:\/\/amnesiedautore.uniurb.it\/wp-content\/uploads\/2020\/01\/selfie-768x576.jpg 768w, https:\/\/amnesiedautore.uniurb.it\/wp-content\/uploads\/2020\/01\/selfie-1140x855.jpg 1140w, https:\/\/amnesiedautore.uniurb.it\/wp-content\/uploads\/2020\/01\/selfie.jpg 1280w\" sizes=\"(max-width: 1024px) 100vw, 1024px\" \/><\/figure><div class=\"wp-block-media-text__content\">\n<p class=\"has-small-font-size\"><strong>Salvatore Ritrovato <\/strong><\/p>\n<\/div><\/div>\n\n\n\n<pre class=\"wp-block-preformatted\"><\/pre>\n\n\n\n<div class=\"wp-block-media-text alignwide is-stacked-on-mobile\" style=\"grid-template-columns:27% auto\"><figure class=\"wp-block-media-text__media\"><img loading=\"lazy\" decoding=\"async\" width=\"204\" height=\"227\" src=\"https:\/\/amnesiedautore.uniurb.it\/wp-content\/uploads\/2019\/11\/flora.jpg\" alt=\"\" class=\"wp-image-76 size-full\"\/><\/figure><div class=\"wp-block-media-text__content\">\n<p class=\"has-small-font-size\"><strong>Flora Sisti <\/strong>\u00e8 Delegato rettorale all\u2019Innovazione Didattica e Studenti dell\u2019Universit\u00e0 degli Studi di Urbino, Direttore del Centro Integrato Servizi Didattici ed E-learning (CISDEL) e Professore Ordinario  presso la Scuola di  Lingue e Letterature Straniere dove insegna Didattica delle Lingue Moderne e Comunicazione Interculturale. Ha pubblicato su una serie di argomenti: insegnamento\/apprendimento della lingua straniera in et\u00e0 precoce; drammatizzazione e tecniche teatrali nell\u2019insegnamento delle lingue straniere; E-learning e glottotecnologie. Negli ultimi anni ha concentrato i suoi studi sulle metodologie per l\u2019apprendimento a distanza e sul CLIL.<\/p>\n<\/div><\/div>\n\n\n\n<pre class=\"wp-block-preformatted\"><strong>ASSEGNISTI E DOTTORANDI<\/strong><\/pre>\n\n\n\n<pre class=\"wp-block-preformatted\"><\/pre>\n\n\n\n<div class=\"wp-block-media-text alignwide is-stacked-on-mobile\" style=\"grid-template-columns:28% auto\"><figure class=\"wp-block-media-text__media\"><img loading=\"lazy\" decoding=\"async\" width=\"225\" height=\"320\" src=\"https:\/\/amnesiedautore.uniurb.it\/wp-content\/uploads\/2021\/02\/FOTO-EMILIO-CAMPAGNOLIJPG.jpeg\" alt=\"\" class=\"wp-image-308 size-full\" srcset=\"https:\/\/amnesiedautore.uniurb.it\/wp-content\/uploads\/2021\/02\/FOTO-EMILIO-CAMPAGNOLIJPG.jpeg 225w, https:\/\/amnesiedautore.uniurb.it\/wp-content\/uploads\/2021\/02\/FOTO-EMILIO-CAMPAGNOLIJPG-211x300.jpeg 211w\" sizes=\"(max-width: 225px) 100vw, 225px\" \/><\/figure><div class=\"wp-block-media-text__content\">\n<p class=\"has-small-font-size\"><strong>Emilio Campagnoli<\/strong> \u00e8 al terzo anno di dottorato di letteratura francese del curriculum Storia contemporanea e culture comparate dell\u2019Universit\u00e0 degli Studi di Urbino, in cotutela con la scuola dottorale Cultures et Soci\u00e9t\u00e9s dell\u2019Universit\u00e9 Paris-Est Cr\u00e9teil. Lavora su una tesi concernente Proust, Monet e la Normandia. I suoi campi di ricerca riguardano la transmedialit\u00e0, nella fattispecie tra letteratura e pittura, la geocritica e la geografia letteraria. E\u2019 laureato in traduzione specialistica e interpretazione di conferenza, con prima lingua di studio francese, alla SSLMIT dell\u2019Universit\u00e0 degli Studi di Trieste.<\/p>\n<\/div><\/div>\n\n\n\n<pre class=\"wp-block-preformatted\"><\/pre>\n\n\n\n<div class=\"wp-block-media-text alignwide is-stacked-on-mobile\" style=\"grid-template-columns:26% auto\"><figure class=\"wp-block-media-text__media\"><img loading=\"lazy\" decoding=\"async\" width=\"768\" height=\"1024\" src=\"https:\/\/amnesiedautore.uniurb.it\/wp-content\/uploads\/2020\/01\/Carloni_photo1-768x1024.jpg\" alt=\"\" class=\"wp-image-198 size-full\" srcset=\"https:\/\/amnesiedautore.uniurb.it\/wp-content\/uploads\/2020\/01\/Carloni_photo1-768x1024.jpg 768w, https:\/\/amnesiedautore.uniurb.it\/wp-content\/uploads\/2020\/01\/Carloni_photo1-225x300.jpg 225w, https:\/\/amnesiedautore.uniurb.it\/wp-content\/uploads\/2020\/01\/Carloni_photo1-1152x1536.jpg 1152w, https:\/\/amnesiedautore.uniurb.it\/wp-content\/uploads\/2020\/01\/Carloni_photo1-1535x2048.jpg 1535w, https:\/\/amnesiedautore.uniurb.it\/wp-content\/uploads\/2020\/01\/Carloni_photo1-1140x1521.jpg 1140w, https:\/\/amnesiedautore.uniurb.it\/wp-content\/uploads\/2020\/01\/Carloni_photo1.jpg 1857w\" sizes=\"(max-width: 768px) 100vw, 768px\" \/><\/figure><div class=\"wp-block-media-text__content\">\n<p class=\"has-small-font-size\"><strong>Giovanna Carloni<\/strong> \u00e8 assegnista di ricerca in Didattica delle Lingue Moderne\u00a0presso il Dipartimento di Scienze della Comunicazione, Studi Umanistici e Internazionali dell\u2019Universit\u00e0 di Urbino Carlo Bo. I suoi ambiti di ricerca sono la didattica delle lingue straniere, l\u2019ambiente di apprendimento CLIL a scuola e all\u2019universit\u00e0, la didattica dell\u2019italiano lingua seconda e straniera, l\u2019uso delle nuove tecnologie nella didattica delle lingue in aula e a distanza, la linguistica dei corpora applicata alla traduzione e all\u2019insegnamento\/apprendimento delle lingue altre, la linguistica inglese e la formazione dei docenti. <\/p>\n<\/div><\/div>\n\n\n\n<pre class=\"wp-block-preformatted\"><\/pre>\n\n\n\n<div class=\"wp-block-media-text alignwide is-stacked-on-mobile\" style=\"grid-template-columns:28% auto\"><figure class=\"wp-block-media-text__media\"><img loading=\"lazy\" decoding=\"async\" width=\"640\" height=\"480\" src=\"https:\/\/amnesiedautore.uniurb.it\/wp-content\/uploads\/2019\/11\/WhatsApp-Image-2019-04-18-at-18.57.41.jpeg\" alt=\"\" class=\"wp-image-145 size-full\" srcset=\"https:\/\/amnesiedautore.uniurb.it\/wp-content\/uploads\/2019\/11\/WhatsApp-Image-2019-04-18-at-18.57.41.jpeg 640w, https:\/\/amnesiedautore.uniurb.it\/wp-content\/uploads\/2019\/11\/WhatsApp-Image-2019-04-18-at-18.57.41-300x225.jpeg 300w\" sizes=\"(max-width: 640px) 100vw, 640px\" \/><\/figure><div class=\"wp-block-media-text__content\">\n<p class=\"has-small-font-size\"><strong> Cristina Pierantozzi<\/strong> \u00e8 assegnista di ricerca in Didattica delle Lingue Moderne e Linguistica generale \u00a0presso il Dipartimento di Scienze della Comunicazione, Studi Umanistici e Internazionali dell\u2019Universit\u00e0 di Urbino Carlo Bo. Ha discusso una tesi di dottorato sugli aspetti formali del code-switching nel bilinguismo infantile presso l\u2019Universit\u00e0 di Urbinoe svolto attivit\u00e0 di ricerca presso l\u2019Universit\u00e0 di Amburgo dove si \u00e8 occupata di acquisizione L2 e Periodo Critico. <\/p>\n<\/div><\/div>\n\n\n\n<pre class=\"wp-block-preformatted\"><\/pre>\n\n\n\n<div class=\"wp-block-media-text alignwide is-stacked-on-mobile\" style=\"grid-template-columns:28% auto\"><figure class=\"wp-block-media-text__media\"><img loading=\"lazy\" decoding=\"async\" width=\"285\" height=\"371\" src=\"https:\/\/amnesiedautore.uniurb.it\/wp-content\/uploads\/2021\/09\/Foto.png\" alt=\"\" class=\"wp-image-669 size-full\" srcset=\"https:\/\/amnesiedautore.uniurb.it\/wp-content\/uploads\/2021\/09\/Foto.png 285w, https:\/\/amnesiedautore.uniurb.it\/wp-content\/uploads\/2021\/09\/Foto-230x300.png 230w\" sizes=\"(max-width: 285px) 100vw, 285px\" \/><\/figure><div class=\"wp-block-media-text__content\">\n<p class=\"has-small-font-size\"><strong>Lucia Vedovi<\/strong> \u00e8 assegnista di ricerca in Didattica delle Lingue Moderne presso il Dipartimento di Scienze della Comunicazione, Studi Umanistici e Internazionali dell&#8217;Universit\u00e0 di Urbino e coordinatrice del Progetto CLIL. Ha conseguito un Master per l&#8217;insegnamento dell&#8217;italiano a stranieri presso l&#8217;Universit\u00e0 di Urbino e un Ph.D. in&nbsp;<em>Comparative Literatures<\/em>&nbsp;presso la Rutgers University (USA). Il suo ambito di ricerca riguarda le metodologie e le didattica delle lingue straniere, con un focus sull&#8217;apprendimento integrato di L2\/LS e contenuti disciplinari.&nbsp;<\/p>\n<\/div><\/div>\n","protected":false},"excerpt":{"rendered":"<p>Roberto Mario Danese \u00e8 professore di Filologia classica, Fortuna della cultura classica, Letteratura e cinema nell&#8217;Universit\u00e0 di Urbino Carlo Bo, dove dirige il Centro Internazionale di Studi Plautini. Fra i suoi interessi scientifici sono comprese la filmologia, la ricezione dell&#8217;antico <span class=\"readmore\"><a href=\"https:\/\/amnesiedautore.uniurb.it\/?page_id=80\">Continue Reading<\/a><\/span><\/p>\n","protected":false},"author":1,"featured_media":0,"parent":0,"menu_order":0,"comment_status":"closed","ping_status":"closed","template":"","meta":{"footnotes":""},"_links":{"self":[{"href":"https:\/\/amnesiedautore.uniurb.it\/index.php?rest_route=\/wp\/v2\/pages\/80"}],"collection":[{"href":"https:\/\/amnesiedautore.uniurb.it\/index.php?rest_route=\/wp\/v2\/pages"}],"about":[{"href":"https:\/\/amnesiedautore.uniurb.it\/index.php?rest_route=\/wp\/v2\/types\/page"}],"author":[{"embeddable":true,"href":"https:\/\/amnesiedautore.uniurb.it\/index.php?rest_route=\/wp\/v2\/users\/1"}],"replies":[{"embeddable":true,"href":"https:\/\/amnesiedautore.uniurb.it\/index.php?rest_route=%2Fwp%2Fv2%2Fcomments&post=80"}],"version-history":[{"count":69,"href":"https:\/\/amnesiedautore.uniurb.it\/index.php?rest_route=\/wp\/v2\/pages\/80\/revisions"}],"predecessor-version":[{"id":678,"href":"https:\/\/amnesiedautore.uniurb.it\/index.php?rest_route=\/wp\/v2\/pages\/80\/revisions\/678"}],"wp:attachment":[{"href":"https:\/\/amnesiedautore.uniurb.it\/index.php?rest_route=%2Fwp%2Fv2%2Fmedia&parent=80"}],"curies":[{"name":"wp","href":"https:\/\/api.w.org\/{rel}","templated":true}]}}